+ 33.
7
Calculate 46 + -14 + 16 + -8 - (-25 + 10 - -5).
50
Calculate 12 - 31 - -32 - (-6 + (-6 - -120)).
-95
What is 12 - (25 - (-47 - -97))?
37
Calculate (19 - 2) + -5 - (-36 - 5).
53
Calculate (-42 - -65) + (-63 - -1) - 7.
-46
What is 34 - 26 - (-6 + 13 - -13) - 66?
-78
Evaluate (-6 - -3) + (-1 - -9) + 3 + -781 + 782.
9
What is -43 + (21 - -19) - (2 + (-31 - 1))?
27
30 - (-2 - 0) - 1 - (186 + (-100 - 80))
25
Calculate (-1 - 10) + -50 + 124 + -57.
6
-12 + -1 + -1035 + 1050 - (0 + 46)
-44
What is (26 + -50 - 1 - -77) + 7?
59
Evaluate -3 - -1 - ((2 - -85) + -134).
45
Evaluate 30 + -2 + (-40 + 78 + -33 - 15).
18
Calculate (1 - 6) + 43 + (-6 + 11 - -8).
51
Calculate 4 - (-20 + (32 - 12) + -14 + -21).
39
What is 58 - (-19 + -4 + 139)?
-58
Evaluate -49 - ((-876 - -881) + (-18 - (1 - -1))).
-34
What is the value of -79 + 32 + (46 - -9)?
8
Calculate 65 + 0 + -18 + -53.
-6
What is (-168 + 27 - -73) + 2 + (9 - (1 - 0))?
-58
What is the value of 1 + 21 + 1 + -2 + 279 + -391 + 100?
9
(-3 - (10 + -27)) + 13 + -4 - 6
17
What is the value of -3 + 4 - -66 - (119 + -124)?
72
What is the value of -90 + (57 - -137) + -66?
38
What is the value of 20 + -67 + 84 + -1 + 23?
59
What is the value of -8 - -18 - (-7 - -8 - -1 - 1 - -7)?
2
Evaluate (1 - -11) + -63 + -14 + 107.
42
Evaluate -27 - (-22 - (36 + (-39 - -7))).
-1
Calculate -51 - (-13 + ((-14 - -9) + 15 - -1)).
-49
What is -78 + -1 + 134 - (-3 - 3 - -20)?
41
What is the value of 9 + 6 + -11 + 0 - (-69 - -68)?
5
Calculate 17 + (-41 - -9 - -29).
14
What is 6 - ((13 - -11) + 3 + -17)?
-4
Calculate 48 - ((1 + -3 + -1 - -5) + -91 + 90).
47
Evaluate (-25 - -17) + (7 - 20) + 16 - (65 - 1).
-69
Evaluate 3 + (3 - 0) - (-36 + 130 - 181).
93
Calculate -19 - 25 - (-30 - -44).
-58
Calculate 5 - (-38 + (-23 - 8) - -3).
71
What is the value of (-10 - 26) + 33 + (-42 - -59)?
14
Evaluate 4 - (2 + -6 + 3 - 2) - -22.
29
Evaluate 10 + -29 - -11 - (51 + (0 - 0) - 1).
-58
Evaluate (-22 - 0) + (124 - (-104 + 189)).
17
Calculate -33 + (-26 - -37) - (2 + 0 + 3 - 16).
-11
Calculate 79 + (14 - (88 - 62)).
67
What is the value of (-149 - (-33 + 14 + 4)) + 16?
-118
Evaluate 58 - 193 - -42 - -80.
-13
Evaluate -31 - (49 + -63 + (11 - (8 + -2))).
-22
Calculate (6 - -13 - 24) + (-3 - -15) + -88.
-81
(2 + (10 - 7) - 10) + 11 - -35
41
Evaluate (151 - 83 - 66) + -32.
-30
What is (-97 - -36 - 57) + 67?
-51
Evaluate 63 - (16 + 68) - -37.
16
Calculate -11 + 2 - ((-4 - (-1 + 1)) + 3).
-8
Evaluate 23 + -24 + 1 + -57 - -14.
-43
Evaluate (-1 - 1) + -45 + -6 + 30.
-23
Calculate -5 + 9 - 5 - (58 - (-5 - (12 - 27))).
-49
What is (71 - (21 + -41)) + 26?
117
What is the value of 128 - (57 + 48 - -114)?
-91
Calculate -23 + 13 + 0 + -36.
-46
Evaluate -54 - -2 - (-161 + 131).
-22
Calculate (34 - 24) + (-3 - (-3 - -36)).
-26
Calculate 0 + 42 + -37 - (-8 - (-1 - -5)).
17
Evaluate -33 - (-7 + -17 - (-49 - -48)).
-10
What is 0 - 93 - (8259 - 8447)?
95
What is (110 + -203 - -201) + -152?
-44
Evaluate -8 - -6 - (-1 - (5 - 2)) - (486 - 480).
-4
What is the value of -128 + (1 - -6 - (209 + -234))?
-96
What is 17 + 3 + -7 + -46?
-33
(68 - 169) + 9 + 91
-1
What is the value of -1 + (2 - (-8 - -5)) + -20?
-16
What is the value of (19 - 60 - -21) + (6 - -61)?
47
What is the value of 22 + -27 - -4 - (-3 + 6 + -29)?
25
What is the value of -18 - -7 - ((-5 - (20 + -9 + -20)) + 6)?
-21
-13 + -6 - (-23 - ((14 - -5) + 32))
55
114 - 1 - (10025 - 9920)
8
Calculate (305 - 344) + (63 - -5).
29
What is 8 - (182 - 16 - 138)?
-20
Evaluate -25 + 7 + 30 - 11.
1
20 + 44 + (-118 - -51)
-3
What is the value of 10 - (-2 - (0 - 8 - (-41 - -45))) - -5?
5
What is (-1 - (125 - (-3 - 1))) + -5 - (165 - 154)?
-146
14 + -5 + (176 - 167) + -2 + (-3 - 1)
12
What is 14 + (106 - 50) + -67?
3
Evaluate 19 + -1 + 26 + -487 + 454.
11
What is the value of 7 - 7 - (-14 + (19 - -12 - 8))?
-9
Evaluate 7 + (-4 - 16) + -8 + (-4 - 55).
-80
Calculate 32 + 62 + -87 + (7 - 5 - 13).
-4
7 - 14 - ((12 - 26) + 16 + -1 + -71)
63
What is -13 + -4 - (6 + (-26 - 73))?
76
Calculate (-1 - 24) + (114 - 277 - -199).
11
What is -83 + 11 + -7 - (-16 + -10)?
-53
(16 - 6) + (-5 + -3 - -13) - -28
43
Evaluate (-207 - -213) + -13 + 1 + 33.
27
Calculate 33 - -16 - 59 - (1 - 19).
8
Calculate 48 - 51 - (10 - (-1 + -14 - -21)).
-7
What is the value of -3 + 14 - ((-25 - 8 - -141) + (-1 - 0))?
-96
Calculate 7 - (5 - 15) - (-18 + -2).
37
((34 + -21 - (-2 + 16)) + -20 - -8) + -100
-113
What is 52 - -17 - (-13 - -107)?
-25
Calculate -35 + 38 - ((-3 - -3) + -3) - 52.
-46
Calculate 0 + 2 + 0 + (59 - -183 - 131) + 11.
124
Evaluate -3 + 0 - (-12 + 10 + 61 - 16).
-46
Calculate (-127 - -131) + 51 - 105.
-50
Calculate 20 - (-35 + 24 + 11 - -50).
-30
Evaluate -17 + -2 + 1 - (1813 + -1820).
-11
Evaluate (-13 - -31 - -4) + (28 - 45).
5
What is 9 - (-35 + 7) - (-35 - -133)?
-61
What is 27 - ((17 - 76) + 114)?
-28
What is -33 - (-44 - -30) - (57 + -11)?
-65
-69 - ((-4 - 14) + 52 + -45)
-58
What is 3 - (-37 + 7 + 6) - (6 - (-5 + 5))?
21
111 + 0 - ((19 + -17 - 20) + -4 - -21)
112
Calculate -26 + (-25 - -6) + (145 - 83).
17
Calculate (4 - 3) + 3 + -9 - (-5 + (-11 - -26)).
-15
Evaluate -3 + 16 + (-22 - 1 - (-15 - -1)) + -69.
-65
Evaluate -26 - (-13 + (-32 - -46)).
-27
Calculate 191 - 0 - (-2281 + 2389).
83
What is (7 - -1 - (38 + (17 - 35) + -16)) + -59?
-55
Evaluate (11 - (1 + 17)) + 12 - 13 - (-1 - 4).
-3
Evaluate (29 - -1) + (-4352 - -4362).
40
Evaluate -30 + (40 - -36) - (-31 + -1).
78
-93 + -1 - (145 - 189)
-50
What is -2 - (46 - 0) - (2 + -5 + 0 - -3)?
-48
Evaluate -85 + 75 - (1 - (3 + (-6 - -48) + 9)).
43
What is -96 + (-7 - (-9 + 4 - -9) - -5 - -6)?
-96
-5 + 9 - (-63 - ((14 - 23) + -2))
56
What is the value of (76 - 15) + -43 + -2 + 24?
40
What is 55 + -76 + -49 + 31?
-39
Evaluate 16 + (77 - (-67 + 132)).
28
(-49 - 1 - ((9 - -4) + -23)) + (29 - 34)
-45
104 + (34 + -42 + 14 - 25)
85
Calculate 134 + -24 + 20 + 7 + (-18 - -13).
132
What is the value of (31 - 2) + 1131 + -1169?
-9
What is the value of (97 - 0) + (2712 - 2761)?
48
Evaluate 14 - ((48 - (-10 + 5)) + -17).
-22
6 + -16 + (1 - -27) - (-5 - 9)
32
-1 + 5 - (884 - 962)
82
Calculate (10 - -11) + 3 + 26.
50
Calculate 39 - 12 - (-477 + 595).
-91
Calculate -1 - 2 - (-176 - (-143 + -5)).
25
Evaluate -16 + 223 - (852 - 772).
127
Evaluate (-32 + 16 - -38 - (-23 + 44)) + (1 - -6).
8
-35 + (94 - 40) + (3 - -19)
41
Calculate (14 + (-6 - 1) - -5) + -20 + (-62 - 8).
-78
Calculate (-15 - 28 - 120) + 42 + 8.
-113
What is (-62 + 1 - (4 + -5)) + (-117 - -106) - -12?
-59
Evaluate -3 + (-3 - 55) + 1 + (18 - (68 - 58)).
-52
-14 - ((-64 - -71) + -31)
10
What is 28 - 0 - (90 - (22 + 19))?
-21
Calculate (58 - -3) + -19 + (35 + -30 - -32).
79
Calculate -19 - (-262 - -272 - (32 - (2 + 1))).
0
(1 - 32) + (314 - 376)
-93
(18 + -19 - (14 + 45)) + 6 + (-5 - -12)
-47
What is the value of (-6 - -1) + -24 + (9 - 5) + 5?
-20
What is -8 + (32 - (-52 - -43))?
33
What is 43 - (-4 - (0 - 27))?
20
What is the value of 39 - (6 - -2 - (-1 - 5))?
25
(3 - -7) + (72 - 25 - 34) + 0 + -28
-5
Evaluate -6 + 2 - (-22 - 1) - (844 + -909).
84
Calculate (-9 - (-6 - (-3 - -2))) + (3 + 8 - 29).
-22
What is the value of 56 - (34 + -26 + 6)?
42
Calculate (-2 - -3) + 22 + -24 + -4 + 19 + -90.
-76
Calculate 3 + (0 + (-5 - -1) - (-3159 + 3208)).
-50
Calculate -157 + (-21 + 110 - 2).
-70
Evaluate 33 + -53 + (16 - -11) + 13.
20
Calculate (-118 - -233) + -94 - -8.
29
What is 159 - 211 - -54 - (1 + 96 + -1)?
-94
What is the value of -138 + 1 - (2049 + -2178)?
-8
What is the value of -821 - -858 - (-14 + 1) - (-15 + 3 + -2)?
64
(27 - 23) + 82 + -153
-67
Calculate 94 + -86 + -56 + -27.
-75
What is -224 - (-33 - 186) - (-47 - (1 - 0))?
43
-6 + 24 + (-21 - 3 - -35)
29
Calculate -46 - (0 - (12 - 0)) - (31 - 34).
-31
Calculate (87 - 82) + -2 + 7 + -53.
-43
What is the value of -18 + 0 - (-20 + (-16 - -32) + -1)?
-13
Evaluate -7 - (93 + -26 - -30 - 27).
-77
55 + (68 + -52 - (-3 + 35))
39
(-158 - 90 - -104) + 104
-40
Evaluate 1 + (82 - ((-1 - 21) + 7 - -6)).
92
What is -218 - -200 - (-2 + -3 + 3) - (2 + 19)?
-37
-2 - -31 - (0 + 13 - 11)
27
(-1355 - -1222) + 3 + (-3 - -17) + -1
-117
What is the value of (27 - 14) + (95 - (17 - -8))?
83
-8 - (-26 + (53 + -18 - 11))
-6
What is -88 + (75 - (-28 + 79))?
-64
What is (1 - -2 - -20) + 1 + (-113 - -102) - 8?
5
What is